. What is v(505)?
568
Let j(s) = 312*s + 1755. Determine j(0).
1755
Let g(p) = -2893*p - 3517895. Determine g(-1216).
-7
Let j(k) = 7234*k + 557022. Calculate j(-77).
4
Let a(u) = -u**3 + 20*u**2 - 106*u + 62. Determine a(10).
2
Let t(v) = -132*v**2 - 287*v - 83. Calculate t(-2).
-37
Let k(c) = 526612*c + 4212902. Calculate k(-8).
6
Let g(p) = -52325*p - 366179. Give g(-7).
96
Let t(z) = 8185*z + 1309684. What is t(-160)?
84
Let z(r) = 135*r**2 + 1115*r - 67. Calculate z(-9).
833
Let q(r) = -r**2 - 8326*r + 49935. Determine q(6).
-57
Let p(m) = -1451*m - 731313. Determine p(-504).
-9
Let g(v) = 428*v - 4348. Determine g(14).
1644
Let u(b) = 43*b**2 + 881*b - 273. Calculate u(-21).
189
Let x(c) = c**3 + 29*c**2 + 12*c + 1994. Give x(-30).
734
Let n(v) = 25237*v - 2069422. Calculate n(82).
12
Let m(t) = 4*t**3 + 32*t**2 - 30*t - 251. What is m(-9)?
-305
Let h(b) = 133271*b + 3465047. What is h(-26)?
1
Let f(k) = 10678*k**2 - 352376*k + 32. Calculate f(33).
-34
Let i(v) = -5*v**3 - 3622*v**2 - 5061*v + 39. Calculate i(-723).
39
Let t(n) = -9*n**3 + 301*n**2 + 1229*n - 27. Calculate t(-4).
449
Let g(b) = 1340*b - 91121. Determine g(68).
-1
Let v(r) = -r**3 + 64*r**2 + 426*r + 2. What is v(-6)?
-34
Let u(w) = -13*w**2 + 114*w + 8262. Give u(30).
-18
Let d(q) = q**3 + 35*q**2 + 229*q + 5428. Calculate d(-33).
49
Let n(r) = -2*r**2 + 44*r + 1795. Determine n(42).
115
Let o(i) = -i**3 + 68*i**2 - 200*i + 301. Calculate o(65).
-24
Let t(p) = p**2 - 168*p + 2844. Determine t(149).
13
Let g(d) = 2*d**3 - 45*d**2 + 62*d - 486. What is g(18)?
-2286
Let j(g) = 5408*g - 5379. Give j(1).
29
Let k(f) = -94*f**3 + 931*f**2 + 24*f + 66. Calculate k(10).
-594
Let u(w) = 2*w**3 - 144*w**2 + 506*w - 6352. What is u(69)?
-4
Let b(q) = -28*q**3 + 672*q**2 - 2274*q + 669. Give b(20).
-11
Let s(d) = 20016*d**3 - 19981*d**2 - 6*d + 1. What is s(1)?
30
Let g(u) = u**2 - 25*u - 5310. Calculate g(88).
234
Let a(q) = -94*q + 2700. Calculate a(28).
68
Let u(h) = -2*h**2 + 218*h - 859. Determine u(4).
-19
Let r(z) = 170*z**3 + 25*z**2 + 23*z - 23. Give r(1).
195
Let y(k) = 11*k**2 + 236*k + 839. Determine y(-17).
6
Let l(b) = 3*b**3 - 38*b**2 - 273*b + 43. Give l(-6).
-335
Let y(b) = 573*b**3 - 6*b**2 + 4*b. Give y(1).
571
Let y(h) = 1619*h**2 - 11337*h - 7. What is y(7)?
-35
Let z(r) = -3*r**2 - 5885*r + 59187. What is z(10)?
37
Let j(n) = 276*n - 11661. Give j(42).
-69
Let f(h) = 13*h**3 + 27*h**2 + 164*h + 214. What is f(-2)?
-110
Let c(x) = 8*x**2 - 341*x - 15000. What is c(-27)?
39
Let a(l) = l**3 + 16*l**2 + 78*l + 639. Give a(-13).
132
Let m(a) = -35*a**2 + 1472*a + 3048. Determine m(44).
56
Let p(z) = -z**3 + 171*z**2 + 705*z - 799. Give p(175).
76
Let i(a) = -a**2 - 111*a - 3963. Calculate i(-33).
-1389
Let x(j) = -3*j**3 - 17*j**2 - 505*j - 3295. What is x(-7)?
436
Let j(i) = 17*i**3 - 987*i**2 + 118*i - 3496. What is j(58)?
-16
Let v(p) = -2*p**2 + 27*p + 961. What is v(30)?
-29
Let q(z) = -4787*z + 416483. Calculate q(87).
14
Let p(i) = 86650*i - 86612. What is p(1)?
38
Let d(l) = 569*l**2 - 43774*l - 2933. Calculate d(77).
70
Let k(u) = 9*u**2 - 538*u + 205. Determine k(61).
876
Let y(l) = -l**3 - 149*l**2 - 1531*l - 1789. Determine y(-138).
5
Let f(n) = 32*n**3 - 39833*n**2 + 31105*n - 6215. Calculate f(1244).
5
Let r(b) = 398223*b - 1592939. Calculate r(4).
-47
Let c(i) = -53*i**2 - 23538*i - 70142. Determine c(-3).
-5
Let o(l) = -l**3 + 189*l**2 + 194*l - 672. What is o(190)?
88
Let r(g) = 5834*g**2 - 17486*g - 1. Give r(3).
47
Let o(i) = i**2 + 325*i + 23901. What is o(-112)?
45
Let m(d) = 43*d - 447. Calculate m(13).
112
Let b(s) = s**2 - 202*s - 70362. What is b(-185)?
1233
Let o(h) = 9*h**2 + 1601*h + 30727. Determine o(-156).
-5
Let t(j) = -35399*j + 212395. What is t(6)?
1
Let z(y) = -3*y**2 - 99*y + 1317. Determine z(14).
-657
Let a(o) = o**3 - 49*o**2 + 728*o - 35659. Calculate a(49).
13
Let t(d) = 12*d**3 - 135*d**2 + 3703*d - 40369. What is t(11)?
1
Let b(j) = 46688*j - 373527. Determine b(8).
-23
Let c(b) = 45*b - 555. Give c(40).
1245
Let b(f) = -65240*f + 28314170. Calculate b(434).
10
Let v(o) = -3*o**2 - 128*o - 73. Determine v(-44).
-249
Let c(l) = -2*l**3 - 95*l**2 + 252*l + 9893. What is c(-48)?
101
Let w(s) = 45960*s + 1240896. What is w(-27)?
-24
Let h(t) = -311821*t + 2806391. Calculate h(9).
2
Let u(o) = o**3 - 64*o**2 + 26625*o - 1765966. Calculate u(66).
-4
Let b(f) = -4713*f + 1644836. Give b(349).
-1
Let m(u) = 5201*u - 556500. Calculate m(107).
7
Let v(r) = -3*r**3 - 18*r**2 - 99*r - 331. Determine v(-4).
-31
Let t(v) = -3705*v - 22267. What is t(-6)?
-37
Let y(t) = -t**3 - 126*t**2 - 3804*t - 302. Determine y(-76).
2
Let v(w) = -11*w**3 + 4*w**2 - 91*w - 96. Calculate v(-1).
10
Let q(v) = -3863*v + 23117. Determine q(6).
-61
Let w(q) = -3*q**3 - 1618*q**2 - 651*q - 60514. What is w(-539)?
-146
Let a(y) = 8*y**3 + 82*y**2 - 724*y - 102. What is a(-16)?
-294
Let x(k) = k**2 - 2641*k + 42021. Determine x(16).
21
Let p(u) = -22253*u**2 + 534072*u - 6. Determine p(24).
-6
Let s(z) = -2*z**3 + 24*z**2 + 1180*z + 5071. Determine s(-5).
21
Let v(w) = -w**2 + 114*w - 2356. Determine v(55).
889
Let h(b) = b**3 + 106*b**2 - 685*b + 76. Calculate h(6).
-2
Let n(c) = -c**3 + 74*c**2 + 832*c - 20. What is n(-10)?
60
Let r(y) = -17*y**2 + 6387*y - 19004. Give r(3).
4
Let p(o) = -23*o**3 - 2*o**2 - 49*o - 108. Determine p(-2).
166
Let t(k) = 23*k**2 + 977*k + 4047. Calculate t(-38).
133
Let a(v) = 50*v - 1255. What is a(34)?
445
Let s(m) = 4*m**3 - 246*m**2 - 627*m - 884. Calculate s(64).
-52
Let j(u) = u**2 + 28486*u - 85466. Determine j(3).
1
Let r(w) = -26*w**3 - 16720*w**2 - 1332*w - 29576. Determine r(-643).
2
Let n(g) = g**3 - 13*g**2 - 70*g + 1981. What is n(18)?
2341
Let h(b) = -2*b**3 + 45*b**2 - 4181*b + 91496. Determine h(22).
-2
Let z(o) = 2*o**2 - 2*o - 33. Determine z(0).
-33
Let b(c) = -294*c - 1275. Determine b(-7).
783
Let o(s) = 112*s + 5263. Give o(-47).
-1
Let d(s) = s**3 + 16*s**2 + 14*s + 8. Determine d(-12).
416
Let r(g) = 5*g**2 - 10562*g + 95135. Determine r(9).
482
Let d(t) = -15315*t + 122299. Determine d(8).
-221
Let w(u) = -16136*u - 130239. Give w(-8).
-1151
Let u(s) = 61240*s - 428835. Calculate u(7).
-155
Let u(i) = 11*i**3 + 690*i**2 - 497*i - 190. Determine u(1).
14
Let x(i) = 41*i**3 + 4*i**2 - 46*i - 168. Calculate x(-5).
-4963
Let o(i) = i**3 - 14*i**2 - 34*i + 286. Determine o(11).
-451
Let a(z) = -1451*z + 7335. Calculate a(5).
80
Let d(c) = -4*c**2 + 13*c - 36. Determine d(17).
-971
Let g(h) = -75*h**2 + 589*h + 74. Determine g(8).
-14
Let z(b) = 2*b**3 - 203*b**2 + 875*b + 954. Give z(97).
1148
Let o(k) = 13*k**3 + 605*k**2 + 317*k - 160. Determine o(-46).
70
Let b(w) = 2*w**3 - 274*w**2 - 710*w + 97347. Determine b(137).
77
Let z(d) = 120132*d - 600657. Give z(5).
3
Let t(d) = 5*d**2 - 701*d + 17010. Give t(109).
6
Let f(t) = -3*t**3 - 739*t**2 - 2425*t - 302. Give f(-243).
-1517
Let f(j) = 7916*j**2 + 7907*j - 14. Calculate f(-1).
-5
Let j(r) = -135134*r + 270308. Determine j(2).
40
Let d(c) = -3*c**2 + 449*c + 160592. Determine d(318).
2
Let u(m) = -6074*m**2 + 6075*m - 3. What is u(1)?
-2
Let s(y) = -405906*y - 1217693. What is s(-3)?
25
Let f(r) = -421*r + 117119. Give f(278).
81
Let l(p) = 14*p**3 + 80*p**2 - 322*p + 2. Calculate l(4).
890
Let v(z) = -z**3 + 291*z**2 + 693*z - 31241. Give v(293).
110
Let k(i) = 3*i**2 + 408*i - 28601. What is k(-187)?
10
Let y(m) = -4012*m - 1211572. Calculate y(-302).
52
Let p(j) = 1001*j**2 - 383*j - 385. Calculate p(-1).
999
Let c(i) = 11*i**2 + 79*i - 77. Calculate c(-8).
-5
Let q(h) = -h**3 - 69*h**2 + 2219*h + 414. Determine q(24).
102
Let c(k) = k**3 - 87*k**2 - 175*k + 623. Calculate c(89).
890
Let d(u) = -u**3 - 5*u**2 + 407*u - 63. Calculate d(-23).
98
Let n(d) = -21818*d + 785464. Calculate n(36).
16
Let c(b) = -3*b**3 - 608*b**2 + 238*b + 7062. Calculate c(-203).
-43
Let y(m) = 127*m**3 - 97*m**2 - 229*m - 74. What is y(-2)?
-1020
Let h(x) = 3*x**3 + 2*x**2 + 227*x - 675. Determine h(3).
105
Let h(q) = 572899*q - 2291623. Calculate h(4).
-27
Let u(k) = k**3 - 5*k**2 - 765*k + 9637. Give u(17).
100
Let y(m) = -2*m**3 + 56*m**2 + 65*m + 46. What is y(30)?
-1604
Let f(n) = 4*n**2 + 378*n + 854. Give f(-92).
-66
Let a(b) = 8*b**2 - 1172*b + 42822. Calculat